{"id":389,"date":"2013-02-13T15:51:19","date_gmt":"2013-02-13T15:51:19","guid":{"rendered":"http:\/\/grzinic-smid.si\/wp\/?page_id=389"},"modified":"2023-12-06T14:22:34","modified_gmt":"2023-12-06T14:22:34","slug":"videography-2","status":"publish","type":"page","link":"https:\/\/grzinic-smid.si\/?page_id=389","title":{"rendered":"VIDEOGRAPHY"},"content":{"rendered":"<p style=\"text-align: justify;\">Video\u00a0is in its essence a medium of repetition and it is very easy to use and manipulate, hence it is important to develop primarily its political -conceptual prerogatives,\u00a0 dismantling \u00a0aesthetic, languages and discourses that\u00a0 re-naturalize inequalities, capital exploitation, dispossession, racism and discrimination.<\/p>\n<p><strong>Videos, CD-rom &amp; Web Art by GR\u017dINI\u0106 and \u0160MID<\/strong><\/p>\n<p><a href=\"http:\/\/grzinic-smid.si\/?p=170\">\u2022Ikone glamurja, odmevi smrti (Icons of Glamour, Echoes of Death), video, 1982<\/a><\/p>\n<p>\u2022<a href=\"http:\/\/grzinic-smid.si\/?p=290\">Gro\u017enja prihodnosti (The Threat of the Future), video, 1983<\/a><\/p>\n<p>\u2022 <a href=\"http:\/\/grzinic-smid.si\/?p=301\">Cindy Sherman ali histerija produkcija predstavlja rekonstrukcijo fotografij Cindy Sherman (Cindy Sherman or Hysteria Production Presents a Reconstruction of Sherman\u2019s Photographs), video, 1984<\/a><\/p>\n<p>\u2022<a href=\"http:\/\/grzinic-smid.si\/?p=261\"> Trenutki odlo\u010ditve (Moments of Decision), video, 1985<\/a><\/p>\n<p>\u2022 <a href=\"http:\/\/grzinic-smid.si\/?p=306\">Doma (At home), 16 mm film, 1986<\/a><\/p>\n<p>\u2022 <a href=\"http:\/\/grzinic-smid.si\/?p=168\">Os \u017eivljenja (Axis of Life), video, 1987 <\/a><\/p>\n<p>\u2022 <a href=\" http:\/\/grzinic-smid.si\/?p=310\">Gola pomlad (Bare Spring), video, 1987<\/a><\/p>\n<p>\u2022 <a href=\" http:\/\/grzinic-smid.si\/?p=313\">Deklica z oran\u017eo (The Girl With Orange), video, 1987<\/a><\/p>\n<p>\u2022 <a href=\"http:\/\/grzinic-smid.si\/?p=348\">\u017ded (Thirst), video, 1989<\/a><\/p>\n<p>\u2022 <a href=\" http:\/\/grzinic-smid.si\/?p=271\">Bilokacija (Bilocation), video, 1990<\/a><\/p>\n<p>\u2022 <a href=\"http:\/\/grzinic-smid.si\/?p=352\">Moscow Portraits, video and video installation, 1990<\/a><\/p>\n<p>\u2022 <a href=\"http:\/\/grzinic-smid.si\/?p=448\">Sejalec (The Sower), video and video installation, 1991<\/a><\/p>\n<p>\u2022 <a href=\"http:\/\/grzinic-smid.si\/?p=457\">Tri sestre (Three sisters), video, 1992<\/a><\/p>\n<p>\u2022 <a href=\"http:\/\/grzinic-smid.si\/?p=465\">\u017denska, ki nenehno govori (The Woman Who Constantly Talks), video, 1993<\/a><\/p>\n<p>\u2022 <a href=\"http:\/\/grzinic-smid.si\/?p=473\">Labirint (Labyrinth), video and video performance, 1993<\/a><\/p>\n<p>\u2022 <a href=\" http:\/\/grzinic-smid.si\/?p=488\">Transcentrala, video and video installation, 1993<\/a><\/p>\n<p>\u2022 <a href=\" http:\/\/grzinic-smid.si\/?p=491\">Rde\u010di \u010develj\u010dki (Red Shoes), video, 1994<\/a><\/p>\n<p>\u2022 <a href=\"http:\/\/grzinic-smid.si\/?p=495\">Luna 10, video and video installation (The Butterfly Effect of Geography),1994<\/a><\/p>\n<p>\u2022 <a href=\"http:\/\/grzinic-smid.si\/?p=498\">Zgodba o metulju (The Butterfly Story), video and video installation (The Butterfly Effect of Geography), 1995<\/a><\/p>\n<p>\u2022 <a href=\"http:\/\/grzinic-smid.si\/?p=502\">A3 &#8211; apatija, aids in Antartika (A3 &#8211; Apathy, Aids and Antarctica) video and video installation (The Butterfly Effect of Geography), 1995<\/a><\/p>\n<p>\u2022 <a href=\"http:\/\/grzinic-smid.si\/?p=507\">Irwin CD-ROM, Model 2000, computer graphic\/animation, 1995<\/a><\/p>\n<p>\u2022 <a href=\"http:\/\/www.ljudmila.org\/quantum.east\/\">Os \u017eivljenja (Axis of Life), www site, 1996<\/a><\/p>\n<p><a href=\"http:\/\/www.ljudmila.org\/quantum.east\/\">http:\/\/www.ljudmila.org\/quantum.east\/ <\/a><\/p>\n<p>\u2022 <a href=\"http:\/\/grzinic-smid.si\/?p=510\">Post-socialism + Retroavant garde + Irwin, video, 1997<\/a><\/p>\n<p>\u2022 <a href=\"http:\/\/grzinic-smid.si\/?p=513\">Troubles with Sex, Theory and History, interactive CD-ROM, Artintact 4, ZKM, Karlsruhe, 1997<\/a><\/p>\n<p>\u2022 <a href=\"http:\/\/grzinic-smid.si\/?p=516\">Dan D (D Day), video, 1997<\/a><\/p>\n<p>\u2022 <a href=\"http:\/\/grzinic-smid.si\/?p=519\">Zvezdogled (Stargazer), video, 1997<\/a><\/p>\n<p>\u2022 <a href=\"http:\/\/grzinic-smid.si\/?p=522\">LUNA PARK, interactive video installation, produced by ICC Biennial Tokyo,1997<\/a><\/p>\n<p>\u2022 <a href=\"http:\/\/grzinic-smid.si\/?p=524\">O muhah s tr\u017enice (On the Flies of the Market Place), video, 1999<\/a><\/p>\n<p>\u2022<a href=\"http:\/\/grzinic-smid.si\/?p=651\"> SILENCE SILENCE SILENCE, video, 2001<\/a><\/p>\n<p>\u2022 <a href=\"http:\/\/grzinic-smid.si\/?p=653\">Vzhodna hi\u0161a (The Eastern House), video, 2003<\/a><\/p>\n<p>\u2022<a href=\"http:\/\/grzinic-smid.si\/?p=659\"> TESTER, video, 2005<\/a><\/p>\n<p>\u2022 <a href=\" http:\/\/grzinic-smid.si\/?p=662\">HI-RES, video,2006<\/a><\/p>\n<p>\u2022 <a href=\"http:\/\/grzinic-smid.si\/?p=396\">Obsession, video, 2008<\/a><\/p>\n<p>\u2022 <a href=\"http:\/\/grzinic-smid.si\/?p=1095\">No War but Class War!, video, 2009<\/a><\/p>\n<p>\u2022 <a href=\"http:\/\/grzinic-smid.si\/?p=413\">Cista Svoboda (Naked Freedom), video, 2010<\/a><\/p>\n<p>\u2022 <a href=\"http:\/\/grzinic-smid.si\/?p=420\">Images of struggle\/Decoloniality, video, 2011<\/a><\/p>\n<p>\u2022 <a href=\"http:\/\/grzinic-smid.si\/?p=276\">Relations, 25 Years of the Lesbian Group SKUC LL, video, 2012<\/a><\/p>\n<p>\u2022 <a href=\"http:\/\/grzinic-smid.si\/?p=1303\">Seizure \u2013 Rewriting counter-histories, video, 2015<\/a><\/p>\n<p>\u2022 <a href=\"http:\/\/grzinic-smid.si\/?p=1396\">Into the Now. Performance on theory, politics and history, video, 2017<\/a><\/p>\n<p>\u2022<a href=\"http:\/\/grzinic-smid.si\/?p=1660\"> Insurgent Flows. Trans*Decolonial and Black Marxist Futures, videofilm 2023<\/a><\/p>\n","protected":false},"excerpt":{"rendered":"<p>Video\u00a0is in its essence a medium of repetition and it is very easy to use and manipulate, hence it is important to develop primarily its political -conceptual prerogatives,\u00a0 dismantling \u00a0aesthetic, languages and discourses that\u00a0 re-naturalize inequalities, capital exploitation, dispossession, racism<span class=\"ellipsis\">&hellip;<\/span><\/p>\n<div class=\"read-more\"><a href=\"https:\/\/grzinic-smid.si\/?page_id=389\">Read more &#8250;<\/a><\/div>\n<p><!-- end of .read-more --><\/p>\n","protected":false},"author":1,"featured_media":0,"parent":0,"menu_order":3,"comment_status":"open","ping_status":"open","template":"","meta":{"footnotes":""},"class_list":["post-389","page","type-page","status-publish","hentry"],"_links":{"self":[{"href":"https:\/\/grzinic-smid.si\/index.php?rest_route=\/wp\/v2\/pages\/389","targetHints":{"allow":["GET"]}}],"collection":[{"href":"https:\/\/grzinic-smid.si\/index.php?rest_route=\/wp\/v2\/pages"}],"about":[{"href":"https:\/\/grzinic-smid.si\/index.php?rest_route=\/wp\/v2\/types\/page"}],"author":[{"embeddable":true,"href":"https:\/\/grzinic-smid.si\/index.php?rest_route=\/wp\/v2\/users\/1"}],"replies":[{"embeddable":true,"href":"https:\/\/grzinic-smid.si\/index.php?rest_route=%2Fwp%2Fv2%2Fcomments&post=389"}],"version-history":[{"count":25,"href":"https:\/\/grzinic-smid.si\/index.php?rest_route=\/wp\/v2\/pages\/389\/revisions"}],"predecessor-version":[{"id":1752,"href":"https:\/\/grzinic-smid.si\/index.php?rest_route=\/wp\/v2\/pages\/389\/revisions\/1752"}],"wp:attachment":[{"href":"https:\/\/grzinic-smid.si\/index.php?rest_route=%2Fwp%2Fv2%2Fmedia&parent=389"}],"curies":[{"name":"wp","href":"https:\/\/api.w.org\/{rel}","templated":true}]}}